the remainder when s is divided by v.
13
What is the remainder when 19 is divided by (3 - (2 - -2) - -3) + 8?
9
Let b(t) = -21*t - 243. What is the remainder when 99 is divided by b(-12)?
0
Let h = 60 - 35. Suppose 2*i - i = h. What is the remainder when i is divided by 14?
11
Suppose 133 + 259 = 8*b. Suppose -v + 5 = -8. What is the remainder when b is divided by v?
10
Let t(b) = 2*b + 4. Let l be t(0). Let j be 42/12 - (-6)/l. Suppose m = 1, 8*y - 3*y = -j*m + 370. What is the remainder when y is divided by 19?
16
What is the remainder when (-3)/15 - (-558)/15 is divided by 2*(5 - -6*3/(-18))?
5
Suppose 4*a + a = 0. Suppose 17 = 3*f + 2*n, 0 = 4*n - 3*n - 4. Suppose a = -3*r + 4*o + 7, -r - f*o - 8 = -32. What is the remainder when 16 is divided by r?
7
Let z = 158 - -49. Calculate the remainder when z is divided by 19.
17
Let j = -17 - -25. Let d = j - -53. What is the remainder when d is divided by (-1173)/(-92) + -13 + 146/8 + -2?
13
Let q be 1 - (-1 + 1 + -3). Suppose d = -6*u + 2*u + 14, 3*u + q*d = 17. Suppose -25 - 3 = -4*z. What is the remainder when z is divided by u?
1
Let r(t) = 4*t**2 + 318. Let g be r(0). Let d(l) = -14*l - 1. What is the remainder when d(-6) is divided by (-6)/(-27) - (-5 + g/(-27))?
15
Let w = -1020 + 1090. Suppose -l + 7 + 5 = 0. What is the remainder when w is divided by l?
10
Suppose -5*b + 260 = -10*b. Let d = b - -113. Let v(c) = 9*c - 2. What is the remainder when d is divided by v(2)?
13
Suppose 6*u - 101 + 5 = 0. What is the remainder when 39 is divided by u?
7
Suppose 8 + 10 = 3*m. Suppose 42 = m*u - 318. What is the remainder when u is divided by 21?
18
Let l = 79 + -29. Let j(q) = 18*q - 5. Let i be j(1). Suppose i = 5*z - 72. What is the remainder when l is divided by z?
16
Let p(c) = -c**3 + 5*c**2 + 22*c + 19. Calculate the remainder when 266 is divided by p(8).
2
Let z = -384 + 550. Suppose z = 3*o + 19. Suppose 0 = v + 3*v - 52. What is the remainder when o is divided by v?
10
Suppose 2*h - 6*n + n = -31, h = 2*n - 13. Let c be -8*(-2)/(-1 + h). Let k = 60 + c. Calculate the remainder when k is divided by 29.
27
Let h(c) = -c + 5. Let i be h(0). Suppose 2*n - i*n + 54 = 0. Let t = 128 - 117. Calculate the remainder when n is divided by t.
7
Let q(u) = 5*u - 2. Suppose 2*h - 2*r = -4*r + 4, 3*r = 0. Suppose 44 = h*p + 4. What is the remainder when q(20) is divided by p?
18
Let p = 19 - 4. Suppose 7*w + 3*w - 360 = 0. Calculate the remainder when w is divided by p.
6
Let k(r) = 30*r**2. Let a be k(1). Suppose -f + a = -17. Suppose 0 = 71*i - 72*i + 25. Calculate the remainder when f is divided by i.
22
Let o be 145 - (-4 + 3) - -2. Suppose y - o = -3*y. Let g = -21 - -40. What is the remainder when y is divided by g?
18
Suppose -3*v + 10*s = 5*s - 333, 4*s = 2*v - 222. Calculate the remainder when v is divided by 19.
16
Let y(a) = -29*a + 9. Calculate the remainder when y(-4) is divided by 13.
8
Suppose v + 6 = 27. Calculate the remainder when 56 + (96/(-60))/(2/(-5)) is divided by v.
18
Let i = -701 + 719. Calculate the remainder when 61 is divided by i.
7
Suppose -33*o + 31*o - a = -27, -a - 33 = -2*o. What is the remainder when 137 is divided by o?
2
Let f = 181 + -72. What is the remainder when f is divided by 56?
53
Calculate the remainder when 6340/18 - -1*6/(-27) is divided by 17.
12
Suppose -60*b + 56*b = -616. Suppose b = 7*i - 5*i. What is the remainder when i is divided by 16?
13
Let t(p) = -2*p**2 - 9*p + 11. Let i be t(-5). Suppose -i*z + 9*z - 45 = 0. Calculate the remainder when 119 is divided by z.
14
Let x(t) be the second derivative of -t**3/2 - 10*t**2 - 13*t. What is the remainder when 18 is divided by x(-10)?
8
Let j be -12*((-4)/12 - -1). Let x = j + 11. What is the remainder when 0 - x - -1 - -8 is divided by 3?
0
Let p(f) = 2*f**2 - 29*f + 55. Calculate the remainder when 45 is divided by p(13).
13
Let x be 2 + 48 + (0 - 4). Let i = 66 - x. What is the remainder when i is divided by 6?
2
Suppose 0 = 76*i - 70*i - 378. Calculate the remainder when i is divided by 9.
0
Let m(j) = -2*j**2 + 6*j - 1 + 0 + 3*j**2 - 6. Let b be m(-6). Let f = 26 + b. Calculate the remainder when 37 is divided by f.
18
Suppose -4*f = -7 - 5. Suppose -f*c - n = 31 - 147, -20 = -4*n. Calculate the remainder when 71 is divided by c.
34
Suppose 4*f - 6*f - 3*y + 307 = 0, 0 = 3*f - 3*y - 453. What is the remainder when f is divided by 5?
2
Suppose -k = 5*p - 28, 5*p = -4*k + 6 + 16. Suppose -19*l = -17*l - p. Calculate the remainder when (-1 - l) + (-30)/(-1) is divided by 7.
5
Let p be 2/11 + 1318/11. Suppose 0 = 12*c - 7*c - p. What is the remainder when 119 is divided by c?
23
Suppose 7*q - 9001 = -720. Calculate the remainder when q/28 - (-3)/(-12) is divided by 16.
10
Let n = -1697 + 1725. Calculate the remainder when 1146 is divided by n.
26
Suppose 0 = -i + 6*i - 15. Suppose -425 = -49*k + 44*k. Calculate the remainder when k is divided by (i*-1)/((-9)/66).
19
Let v = 500 + -404. Calculate the remainder when v is divided by 14.
12
Let i be (-1)/2 + 252/(-8). Let a be (-5)/25 - 858/10. Let j = i - a. Calculate the remainder when j is divided by 28.
26
Let h(s) = -40*s + 9 - 6 - 2. Calculate the remainder when h(-1) is divided by 5.
1
Let u(b) be the third derivative of b**4/6 + 11*b**3/3 + 17*b**2. Calculate the remainder when 153 is divided by u(0).
21
Suppose 4*s = -k + 21, -2*s + s = 5*k - 29. Suppose 3*y + 32 = 155. What is the remainder when y is divided by (-6)/s*56/(-6)?
13
What is the remainder when 7 is divided by (1/6)/((-18)/(-324))?
1
Let s(n) = -33*n - 135. Calculate the remainder when 46 is divided by s(-5).
16
Suppose 11*b - 13*b = -52. Suppose 0 = 2*q + 15 - 33. Calculate the remainder when b is divided by q.
8
Suppose -35*l + 38*l = 51. Let m = 11 + -6. Calculate the remainder when l is divided by m.
2
Let d be 261/(-6) - 21/(-14). Let g = -35 - d. What is the remainder when 19 is divided by g?
5
Let x(w) = -w**2 + 28*w + 163. What is the remainder when x(28) is divided by 4?
3
Let c(j) be the third derivative of j**5/60 - j**4/8 + j**3/3 - 10*j**2. Calculate the remainder when 99 is divided by c(-3).
19
Let d(v) = -v**3 - 6*v**2 + 4*v + 21. Let b be d(-6). Let w(s) = -4*s - 5. What is the remainder when 28 is divided by w(b)?
0
Suppose -o + 31 = 2*t, 2*o - 17 = -t - 3. Suppose -3*x + x = -t. Calculate the remainder when 29 is divided by x.
5
Let o = 59 + -45. Let b(y) = y**3 - 8*y**2 + y - 4. Let x be b(8). Suppose x*u = -8, 2*d + d - 4*u = 125. What is the remainder when d is divided by o?
11
Let o = 1331 - 505. What is the remainder when o is divided by 46?
44
Let d = 1 + -6. Let w be -2 - -23 - (-6 - d). Suppose -2*p = 8 - w. Calculate the remainder when 20 is divided by p.
6
Suppose 0*r - 57 = -r. Let f = 125 - r. Calculate the remainder when f is divided by 215/(-86)*(-92)/10.
22
Let o be 1 - 3 - (0 + -6). What is the remainder when 52 is divided by 81/6*(o + -2)?
25
Let g be (10/(-10))/((-2)/10). Suppose -2 + g = r, 0 = -4*m + r - 3. Suppose -90 = -5*z - m*z. Calculate the remainder when 87 is divided by z.
15
Let q = 27 - 17. Suppose -q + 5 = -g. Suppose 0 = g*d - w - 179, -2*d = -2*w - 24 - 46. What is the remainder when d is divided by 19?
17
Let y(d) = -2*d**2 + 16*d + 87. Let t be y(10). Let v be -13*(3 + -1 - 8). Let h = v - t. Calculate the remainder when 59 is divided by h.
28
Let z(h) = -2*h**3 + 3*h**2 + h - 8. Calculate the remainder when z(-3) is divided by 36.
34
Suppose 2*u + 18 = -6. What is the remainder when 143 is divided by u/(-8) - (-33)/2?
17
Let y = 119 + -117. Let v = 450 + -254. Suppose -2*w = y*w - v. Calculate the remainder when w is divided by 26.
23
Suppose -2*x - 4*p = -4*x + 32, 3*x - 60 = 3*p. What is the remainder when 394 is divided by x?
10
What is the remainder when 227 is divided by 2 + -4 - (-40)/(-3 - -4)?
37
Let l(o) = -16*o - 3. Let r = -19 - -9. Calculate the remainder when l(-2) is divided by (-96)/r + 3 + 13/(-5).
9
Suppose -2*j + 3 = -13. Let u(k) = -2*k**2 - 5*k + 29. Let m be u(-5). Let n(v) = -v**2 + 7*v + 11. What is the remainder when n(m) is divided by j?
7
Suppose 3*t - 3 - 2 = -4*c, -5 = -c + 3*t. Suppose -283 = -5*z + j, j + 3*j + 124 = c*z. What is the remainder when z is divided by 10?
6
Let o(u) = -u**3 + 12*u**